**2 - 10*d + 6. Let a be y(6). Suppose 35 = 2*h - 343. Let q be (12/14)/(9/h). Calculate the greatest common divisor of a and q.
18
Let k(f) = -f**2 + 24. Let x be k(0). What is the greatest common divisor of 6 and x?
6
Let r(w) = 10*w - 12. Let j be r(-5). Let c = -40 - j. What is the greatest common factor of 22 and c?
22
Let r(m) = -m**2 - 5*m + 7. Let d be r(-6). Suppose 0 = -b + 12 - d. What is the highest common factor of 1 and b?
1
Let i = 11 + -10. Let k be (-6)/(-21) - (-12)/7. Let c = i + k. Calculate the greatest common divisor of c and 3.
3
Let b = -98 + 108. Calculate the highest common divisor of b and 10.
10
Suppose 16*b - 257 = 287. Calculate the greatest common factor of b and 34.
34
Let b = -14 - -8. Let s = 15 + b. Calculate the greatest common divisor of s and 36.
9
Let m be 1*-4 + 0 + 15. Calculate the greatest common divisor of m and 55.
11
Let z be -1 + 3 + -2 + 2. What is the greatest common divisor of z and 4?
2
Let i = 45 + -31. Let l be (-4)/(-16) - i/(-8). What is the highest common divisor of 2 and l?
2
Let n(h) = h**3 + 5*h**2 - 4*h + 14. Let u be n(-6). What is the highest common divisor of 2 and u?
2
Let m = -13 - -29. Calculate the highest common divisor of m and 8.
8
Let r = 432 - 271. Calculate the greatest common factor of 23 and r.
23
Suppose 10*i = 8*i + 50. Calculate the greatest common divisor of 125 and i.
25
Let s = 0 + 8. What is the greatest common divisor of s and 16?
8
Let d(f) = -6*f - 12. Let g be d(-12). Let j(b) = 3*b**2 + 5*b - 4. Let l be j(-4). Calculate the highest common divisor of g and l.
12
Let u(g) = -g - 5. Let o be u(-11). Calculate the greatest common factor of 3 and o.
3
Let k be 4 + -2*1 + -3. Let c be 3/(k/(-2)*2). Suppose -2*l + 48 = 2*l. What is the greatest common divisor of c and l?
3
Let h = -11 + 18. Suppose -5*z + q + 458 = 0, 5*z + 2*q = 457 + h. What is the greatest common divisor of 23 and z?
23
Let q be (2/(-6))/((-3)/(-99)). Let o be (-2 - 0)*(q - 0). Calculate the highest common factor of o and 242.
22
Let q(v) = -v**3 - 2*v**2 + 6*v. Suppose -k - 25 = -4*b - b, -4*b + 26 = -2*k. Let j be q(k). Calculate the greatest common factor of 18 and j.
9
Let w = -12 - -7. Let p be 16*w*2/(-5). Calculate the greatest common divisor of 4 and p.
4
Let d(g) = -11*g - 6. Suppose -z = -6*z - 25. Let x be d(z). Calculate the greatest common divisor of x and 7.
7
Let k(z) = 2*z - 10. Suppose 5*y - 42 = 23. Suppose -15 - y = -4*m - x, 3*m - 21 = x. Let d be k(m). Calculate the greatest common divisor of d and 12.
4
Suppose 4*f = 3*h - 39, -3*h - 5*f + 2 = -64. What is the highest common factor of h and 85?
17
Let w(x) = 2*x**2 + 14*x + 2. Let n(h) = -9*h**3 + h**2 + 2*h - 2. Let c be n(1). Let p be w(c). What is the greatest common factor of p and 54?
18
Let k = -28 + 20. Let j be (3/2)/((-6)/k). What is the highest common divisor of 3 and j?
1
Let l be ((-1)/2)/(2/(-8)). Suppose 12 = 3*c - 6. Calculate the highest common factor of l and c.
2
Let b = -1 - -12. Suppose m - 4*y = 17 + 13, -4 = 2*y. What is the highest common divisor of m and b?
11
Let w = 24 + -12. Let a be 6/w + (-94)/(-4). Suppose 5*o = 17 + 23. What is the highest common factor of o and a?
8
Let w be 63/6 + (-1)/2. Suppose 0 = 5*u - 5, -5*s + 2*u + 18 = -0*u. What is the greatest common divisor of s and w?
2
Let r(q) = 4*q - 8. Let c be r(3). What is the greatest common divisor of c and 1?
1
Suppose -f - 303 = -4*x, 5*f = 4*x + 70 - 353. Calculate the greatest common divisor of 11 and x.
11
Let h be ((-2)/3)/((-2)/108). Suppose -3*b - 2*l = -2*b - 4, 8 = b + l. What is the greatest common factor of b and h?
12
Let a(p) = -p**3 - p**2 - p - 73. Let b be a(0). Let k = -33 - b. Calculate the highest common divisor of 60 and k.
20
Suppose a - 1641 = -3*a - x, -3 = x. Let p = -276 + a. Calculate the highest common factor of 15 and p.
15
Let k be (1 - 0)/(4/324). Calculate the greatest common divisor of k and 9.
9
Suppose -3 = 2*x + 2*z - 29, 2*z = -3*x + 36. Calculate the highest common divisor of 40 and x.
10
Let u = 156 - 96. Let n(z) = 2*z**3 - 2*z**2 - 3*z + 2. Let l be n(2). Let h be (-1*l - -2) + 14. What is the greatest common divisor of h and u?
12
Suppose -6 = s - 4*s, -5*s = 4*x - 66. What is the greatest common factor of 126 and x?
14
Let j be (-9)/(-3) - (-19 + 0). Let p = 8 - j. Let s be 56/6 + p/(-21). Calculate the highest common factor of 10 and s.
10
Suppose 7*r + 2*w = 2*r - 65, 3*r + 2*w + 39 = 0. Let l = r + 19. What is the highest common factor of l and 54?
6
Let q(s) = -s**3 + 9*s**2 + 4*s - 9. Let m be q(8). Calculate the greatest common factor of 58 and m.
29
Suppose 30 = -2*g + 8*g. Suppose 0 = 3*u - n - 37, -4*n = g*u + n - 95. Let k = -16 - -37. Calculate the highest common divisor of u and k.
7
Let w(k) be the first derivative of -k**2 - 13*k + 15. Let p be (-11*2)/2*1. Let a be w(p). Calculate the greatest common divisor of 18 and a.
9
Let g be 0*(-2 + 3/3). Suppose -144 = -w - g*w. Let l be 1/((-5)/(-2 + -78)). What is the greatest common divisor of w and l?
16
Let j be ((-2)/(-5))/((-1)/(-20)). What is the highest common divisor of 24 and j?
8
Suppose -5*t + 165 = 65. Let o = -13 - -21. Calculate the greatest common factor of o and t.
4
Let f(d) = d**3 + 4*d**2 - 3*d - 5. Let y be f(-4). Let p(w) = -w**2 + 8*w + 5. Let j be p(y). What is the greatest common factor of 2 and j?
2
Suppose 5*n = z + 2*z + 16, 4*n = -3*z + 29. Suppose 0 = -0*d + z*d - 96. Calculate the highest common factor of 160 and d.
32
Let h = -1 + 6. Let m(p) = -h - p + 7 + 10. Let t be m(0). What is the highest common divisor of t and 12?
12
Let o(m) = -m - 1. Let q be o(-5). Suppose 36 = q*w - 12. Suppose 2 = 4*i - 6. Calculate the highest common factor of w and i.
2
Let j be -2 - 187/(-9) - (-6)/27. Let y be 19 - (-4 - -2 - -2). Calculate the greatest common factor of y and j.
19
Let u = 10 + -16. Let j = -3 - u. Suppose -3*y = y - 4. Calculate the highest common factor of y and j.
1
Suppose 4*u - 3*v - 45 = 34, 4*u + 3*v = 49. What is the greatest common divisor of 144 and u?
16
Suppose -7 = 4*f - 55. What is the greatest common divisor of 12 and f?
12
Let g be 78 + (0 - 2) - -1. Suppose 0 = 11*w + 11 - 88. Calculate the greatest common factor of w and g.
7
Let x(h) = -h**2 - 8*h + 13. Let y be x(-9). Suppose -u - 2*u + 18 = 0. Calculate the greatest common factor of y and u.
2
Let y be 1/(-1) - (4 + -50). Suppose -u + y = 4*u. Calculate the greatest common divisor of 63 and u.
9
Let b be 2*21/12*2. Let k be (b/(-2))/(5/(-10)). Suppose -2*y - 175 = -k*y. What is the greatest common factor of 5 and y?
5
Let r = 199 + -56. Suppose 5*w = -m + 62, -m + 5*m = -3*w + 27. What is the greatest common divisor of r and w?
13
Let o be 32/14 + 5*8/(-140). Calculate the highest common divisor of o and 12.
2
Suppose s = 0, 4*h - 65 = -h + 4*s. Calculate the greatest common factor of h and 78.
13
Suppose 9*l = 10*l - 5. What is the greatest common factor of 40 and l?
5
Let w(b) = -b**2 + 7*b + 8. Let y be w(6). Let d be ((-2)/(-6))/((-13)/(-195)). Let t be (d*4)/(8/28). Calculate the highest common factor of y and t.
14
Suppose g - 59 = -0*g. Suppose 3*c = -5 + g. Suppose -5*q + 78 + 57 = 0. Calculate the highest common divisor of q and c.
9
Suppose 26 = 4*h - 2*h. Let u be -3 + 7/(21/438). Calculate the greatest common factor of h and u.
13
Let i(a) = -a**2 - 7*a - 4. Let o be i(-1). Suppose -2*p = -5*j + 3*p - 5, -2*j = p - 7. Calculate the greatest common divisor of o and j.
2
Let v = 93 + -60. Calculate the highest common factor of 3 and v.
3
Let k = 30 - 16. Suppose -c + 349 = -5*v + 914, 4*v = -4*c + 428. What is the highest common factor of k and v?
14
Let x(v) = -v**2 - 9*v - 7. Let z be x(-6). Calculate the highest common factor of z and 88.
11
Let c(x) = -x**3 - 6*x**2 + 5*x + 16. Let v be c(-7). Calculate the greatest common divisor of 18 and v.
6
Suppose -i - 3*i = 196. Suppose -8*l + 327 = -5*l. Let n = i + l. What is the highest common factor of n and 6?
6
Let n(l) = -l + 4. Let u be n(4). Suppose u = -k - 5, -17 = 4*q + 4*k + 23. Let c = 6 + q. What is the greatest common factor of c and 4?
1
Let z(f) = 9*f**2 + 6*f + 6. Let q be z(-1). Let h(b) = -b**2 + 10*b - 6. Let a be h(6). Calculate the highest common factor